 value of -8 + (-1 - -3) + 5?
-1
What is the value of 6 - (-2 + 1) - 2?
5
Calculate 3 - (3 - (0 + -2 + 0)).
-2
What is the value of 5 - (-2 - (-2 - 1) - -1)?
3
What is (-8 - -7) + 0 + 1?
0
Calculate (-3 - 1) + -1 + 2 + 3.
0
What is the value of -66 - -62 - (-11 - 1)?
8
3 + 5 + -9 + 2
1
What is the value of -4 + 5 - ((-3 - 5) + 6)?
3
Evaluate (-4 - (-1 - 2)) + -3.
-4
What is the value of -14 + 13 + 0 - (-1 + 1)?
-1
What is 20 + 2 + -11 + -7?
4
Calculate 12 + -10 + (10 - 6).
6
What is the value of (9 - ((-2 - -9) + -3)) + -8?
-3
Calculate 22 + -20 - (1 - 1).
2
What is 6 - (-8 - (-12 - 3))?
-1
Calculate (-10 - -6) + 0 + (13 - 3).
6
Calculate -4 + (-1 - (-13 - -7)).
1
What is the value of 2 + (-10 - (2 + -19))?
9
0 + 0 - -1 - (-106 + 109)
-2
Evaluate (1 - 3 - (8 - 10)) + 4.
4
Evaluate (-2 - 5 - -5) + 5.
3
Calculate (3 - 2) + -1 + 7.
7
(2 - -2) + (-15 - (10 - 22))
1
3 - 1 - (-1 - -4)
-1
51 + -62 - (-3 + -2)
-6
Evaluate (11 + -2 - 12) + -1.
-4
-24 + 12 + 10 + 10 + -2
6
Calculate 4 - (2 - -6) - 2.
-6
What is -4 - (10 + (-12 - 2 - -7))?
-7
What is the value of 3 + 6 + -3 + -4?
2
What is -13 + 11 - (7 - (6 + -2))?
-5
Calculate (4 - (-4 + (-2 - -5))) + -2.
3
Evaluate -2 + 0 - (-1 - -2).
-3
What is the value of 0 + -7 + (-7 - -13) + -5?
-6
What is -4 + -4 - (8 + -3 + -3)?
-10
What is (1 - 7) + 1 - (417 - 424)?
2
What is (-1 - 11) + (24 - (15 + 3))?
-6
Calculate 4 + (-8 - 1) - -14.
9
Calculate 5 - ((1 - -3) + 3 + -8).
6
What is 1 + 0 + -4 + -23 + 24?
-2
What is the value of 7 + 0 - (19 - 15)?
3
Evaluate 5 - (0 - -5 - 3).
3
What is 30 - 32 - (-7 + 2)?
3
What is 12 + -5 - ((0 - -2) + 3)?
2
Calculate (3 - 0 - 0) + -6 + 2.
-1
2 - (-2 - (-8 + 1))
-3
What is the value of (2 - -5 - 3) + -14 + 7?
-3
Calculate 9 + -4 - (-2 + -1 + 3).
5
Calculate -3 + 0 - (-1 + -4).
2
Evaluate 2 - (0 + 4 - 1).
-1
What is the value of 10 + -9 - (2 - -2)?
-3
Evaluate (23 - (13 - 2)) + -8.
4
Evaluate 7 - ((-9 - -4) + 11).
1
0 - (-3 + 4) - (-5 - -4)
0
Calculate (0 - (4 - 3)) + (-14 - -9).
-6
Calculate 3 + -1 + (-7 - 0).
-5
What is 0 + 5 - (9 - (-8 + 15))?
3
Calculate 3 + (11 - 5 - 13).
-4
What is (8 - (-4 + -3 + 11)) + -4?
0
Evaluate -6 + 2 - (-18 + 12) - 4.
-2
What is -4 + (-3 - (1 - 3))?
-5
Calculate -12 + (-2 - -10) - (-8 + -1).
5
Evaluate 3 + (-2 + 5 - (2 + 2)).
2
(5 - (-7 + 7)) + -1
4
What is -3 + 3 - (-1 + (-2 - 1))?
4
Evaluate -10 + 5 + -9 + 5.
-9
What is 5 + 0 - (2 - 2 - -2)?
3
What is 5 + (-4 - (3 - 5))?
3
Evaluate -15 - (-11 - -5) - -6.
-3
What is the value of (-5 - -6 - 0) + 0?
1
Evaluate 8 + (34 - 29) + -11 + -1.
1
Calculate (-26 - -24) + (-1 - 2).
-5
Calculate 1 - (-2 + 3 - 0).
0
What is the value of (7 - 12) + (2 - -1)?
-2
What is the value of -1 - 3 - 0 - (-2 - 0)?
-2
What is the value of -2 + 5 + (4 - 6) + 4?
5
What is the value of 1 - (2 + 3) - -7?
3
What is the value of (2 - -4) + (-2 + -1 - 0)?
3
-7 + 0 + (-2 - -3)
-6
Evaluate 3 - (-7 - (-10 - -6) - -12).
-6
What is the value of -3 - (1 + -1) - (-64 + 64)?
-3
What is -20 + 26 - (11 - 3)?
-2
What is -3 + -16 + 6 + 15?
2
What is the value of -2 + 5 + 4 + -7?
0
What is -5 + 1 - -3 - 0?
-1
What is 0 + -3 - (-6 + 0 + 5)?
-2
What is the value of 0 + 6 - (0 - (-2 - 1))?
3
What is -41 - -37 - (-4 + (-2 - 0))?
2
What is 1 - ((3 - -1) + (-15 - -13))?
-1
Calculate 1 + 5 + -3 + 1.
4
What is the value of -13 + 17 + -6 + 7?
5
What is -10 - -17 - (1 + (5 - -7))?
-6
What is 1 - 6 - (-67 + 61)?
1
What is the value of (3 - 6) + -4 - (3 + -6)?
-4
What is the value of -10 + (5 - -2 - 2) - 0?
-5
Calculate -9 + (-9 - -23) - -2.
7
(-10 - -2) + 8 + (2 - 10)
-8
(-9 - (-6 + -1)) + 2
0
0 - ((-1 - 5) + -4)
10
Calculate 3 + 2 + -3 + 6 + -3.
5
Calculate -5 + 5 - (3 + 9 - 2).
-10
What is -9 + 11 - (-1 + -1 + 3)?
1
5 - (-7 + 9 - -2)
1
What is (2 - (2 + -3)) + -8 + 0?
-5
What is the value of (-2 - 0) + 136 + -133?
1
What is the value of -4 + (5 - ((-1 - 1) + 6))?
-3
Calculate -7 - -1 - -6 - -3.
3
Evaluate 4 - (0 + 1) - -2.
5
Evaluate 1 + -7 + (12 + 4 - 5).
5
What is 1 + -2 + (1 - (0 - -1))?
-1
Calculate -5 + -5 + -1 - -3.
-8
Calculate 8 - (10 + (-1 - 0)).
-1
Calculate 10 + (-14 - -5) + 4.
5
Evaluate -3 + (1 - (-2 - -1)) + 2.
1
(-9 - -14 - (-1 + 11)) + 6
1
Evaluate 9 - (-5 + 10 + 2 + -5).
7
What is -1 + -7 + 20 - 8?
4
Calculate 3 + -17 + -4 + 12.
-6
Evaluate -5 - 4 - (-1 - 3).
-5
-9 + 8 + 7 + (-1 - 9)
-4
What is -7 + (7 - -3) + -6?
-3
What is the value of (-8 - -13) + -9 - (-1 + -2)?
-1
Calculate 3 + -5 + 7 + (-5 - -1).
1
What is the value of -1 - 0 - (-47 + 48)?
-2
What is the value of (27 - 22) + -8 + -1?
-4
Evaluate 7 - (7 - (-6 + 8)).
2
What is the value of 1 - ((9 - 3) + -11 + 3)?
3
Evaluate 30 + -18 - (-3 - -8).
7
What is (-1 + -2 - (-3 - 2)) + -4?
-2
What is the value of -8 + (-9 - -12 - 2)?
-7
Evaluate 1 + 2 - (1 + (-1 - 2)).
5
Calculate -1 - -1 - ((-11 - 1) + 8).
4
Evaluate (-10 - -1 - -11) + (0 - 1).
1
Calculate -4 + 4 + -3 + 3 + -2.
-2
What is -3 - (-2 - -3) - -8?
4
What is (-3 - -3) + (-1 - -6)?
5
Evaluate 11 - (7 - -4 - 6).
6
What is the value of 1 - (-22 - -19 - (0 - 1))?
3
What is the value of (-1 - (5 - 7 - 1)) + -4?
-2
Calculate 6 + (-10 - -1) - 3.
-6
-4 - (2 - ((-3 - -5) + 1))
-3
-3 + 4 - -4 - 1
4
Calculate -2 - -4 - 2 - (-4 - -1).
3
0 + (-1 - 8 - -8)
-1
7 - (8 + -7) - 11 - -4
-1
Calculate (-9 + 8 - 4) + 5.
0
What is the value of 1 - 7 - (-39 + 35)?
-2
2 + 0 - 6 - 0
-4
What is the value of 3 + -4 + (-12 - -6) + 7?
0
Evaluate (0 - 2) + (3 - 2).
-1
What is the value of -2 + 1 + 17 - 3 - 7?
6
What is (10 - 14) + (-7 - -17)?
6
Evaluate 9 + -3 + -4 + -1.
1
What is the value of 1 + -6 - (-6 + 4)?
-3
What is (-13 - -7 - -3) + 0?
-3
(-2 + (1 - -3) - 3) + 0
-1
Calculate (8 + -9 - 3) + 4.
0
-9 - -2 - (-12 - -13 - 4)
-4
-11 - (11 - 30) - (5 - 0)
3
What is the value of 4 - (-6 + (6 + 0 - -9))?
-5
Calculate -5 - (0 + 5 + -6).
-4
What is the value of 0 + -5 - (2 + -3 + -4)?
0
Calculate 19 + (-19 - (1 - 10)).
9
-6 + 11 + -4 + -1
0
9 + -18 + 8 + 5
4
What is the value of (0 - 0) + (-11 - -8 - -3)?
0
What is 1 + 4 - 8 - 4?
-7
Evaluate -4 + (5 - 0 - (0 + 0)).
1
Calculate 1 + 8 + -2 - (1 + 2).
4
Calculate 3 + -9 - -1 - -3 - -4.
2
-2 + 10 - 1 - 2
5
Calculate 42 + -44 + (0 + -3 - -8).
3
Calculate 4 - (0 + 9 + -11) - -4.
10
What is 11 - (10 + 8) - -11?
4
Calculate 4 - (-3 - (6 + -17)).
-4
What is 1 - (4 - 4) - -4?
5
Calculate (-6 - 0) + 4 + 0 - 3.
-5
What is the value of -4 + -4 + 4 - -1 - 3?
-6
Evaluate (-4 - -3 - 1) + 3.
1
Calculate -3 - (12 - 6 - (0 - -15)).
6
Calculate 3 + -4 + -1 + 2 + -2.
-2
What is 8 - (3 - -2) - 4?
-1
What is -5 + (15 - 12) + (0 - 1)?
-3
5 + 6 + (-3 - 5)
3
What is (13 - 10) + 3 + -2 - 2?
2
Calculate (34 - 31) + 0 + -2.
1
What is -64 + 71 + (-2 - 3)?
2
Evaluate (4 - 0 - (7 + -6)) + 2.
5
Evaluate -4 - (1 - (-1 + (6 - 2))).
-2
What is the value of -5 + (-6 - -8) - (-11 - -8)?
0
Calculate -1 + (1 + 0 - -4).
4
What is (0 - -7 - 7) + -4?
-4
What is the value of (0 - 2 - 0 - -8) + -5?
1
What is the value of 4 - (3 + 5 + -8)?
4
Calculate -12 + 1 + (1 - -4).
-6
-2 - (0 + (-3 - (2 - 4)))
-1
Calculate -8 + (-15 - -18) - (-7 - -1).
1
What is 0 + 0 - (15 - 16)?
1
Evaluate (-3 - (0 + -1)) + 4 + -2.
0
Evaluate 6 + -3 - (5 - 1).
-1
-22 + 12 + (0 - -9)
-1
Evaluate -9 + 5 + 3 + -3 + 4.
0
(-10 - -12) + (0 - -1) + -4
-1
What is (-7 - -3) + 8 + 7 - 7?
4
What is (-2 - -5 - 5) + (-1 - -4)?
1
-1 + 2 + -5 + -4 + 7
-1
What is 1 - -4 - (11 + -18 - -9)?
3
Evaluate -10 + 3 + (28 - 15 - 4).
2
4 - ((-1 - -5) + -6)
6
What is the value of (6 - 3) + 1 + -5?
-1
3 - 4 - -1 - (-3 - -3)
0
Evaluate 1 - 2 - (3 + 1 + -2).
-3
-10 - (5 + -13) - (0 - 5)
3
Evaluate -1 + -5 - -4 - -5.
3
What is the value of -3 + (-4 + 2 - -1)?
-4
What is the value of (2 - 1) + (0 - (2 + -1))?
0
What is the value of -7 - -4 - (6 + -7)?
-2
Evaluate 4 + (-7 - -2) + -3 + -4.
-8
(0 + 3 - -1) + (-1 - -2)
5
What is the value of -7 - -5 - (2 + 0 + 0)?
-4
Calculate 0 + (0 + 0 - 5).
-5
2 - (-4 + 4) - -2
4
Calculate 1 - 4 - ((-14 - -32) + -14).
-7
What is 2 - (4 + (-1 + 4 - 1))?
-4
What is the value of 2 - (3 - 5) - (1 + 3)?
0
What is (-7 - (-9 - -5)) + 0?
-3
Evaluate -5 - (5 + -12 - -2).
0
Evaluate -6 + (16 - 13) + -4.
-7
What is 9 + -13 + (1 + 2 - 1)?
-2
Calculate -2 + (0 + -3 - 0) + 2.
-3
What is (25 - 24) + (1 - (0 - 1))?
3
Calculate 0 + (-1 - 0) - 3 - -10.
6
16 + -20 + 8 + 0
4
What is -5 + (2 